mainder when g(1) is divided by 34.
32
Calculate the remainder when 925 is divided by 1755/156*(29/3 + -1 + 2).
85
Let t(v) = 2*v**2 + 11*v - 6. Suppose s + 4*f - 1 + 12 = 0, -2*f = 8. Calculate the remainder when t(s) is divided by 25.
24
Let o(j) be the first derivative of 5*j**4/2 - 5*j**2/2 + 4*j - 52. Calculate the remainder when 21 is divided by o(1).
3
Let t = -23 - -84. What is the remainder when (3*-2)/((10/(-145))/2) is divided by t?
52
Let b be (12/(-9))/((-20)/75). Let l(u) = u + 22. What is the remainder when 240 is divided by l(b)?
24
Suppose -15*s - 8 = -17*s, -3*j + 685 = -5*s. Calculate the remainder when j is divided by 146.
89
Let p(k) = 123*k + 3101. What is the remainder when 934 is divided by p(-25)?
24
Suppose 3*o + 7 = 2*o, 19*t = 21*t + 5*o - 223. What is the remainder when t is divided by 0 + -2 - (-34 + -1)?
30
Let t = -466 + 850. Suppose 4*n + 3*q = t, 4*n - 209 = -5*q + 175. What is the remainder when n is divided by 14?
12
Let l(r) = -2*r**2 + 10*r - 185. Let c(u) = -u**2 + 4*u - 62. Let f(a) = -11*c(a) + 4*l(a). Calculate the remainder when f(8) is divided by 15.
12
Suppose 1961 = 1213248*w - 1213195*w. Suppose -3*d + 395 = 2*d. Suppose t + 3*a - 76 - d = 0, -t + 3*a = -137. What is the remainder when t is divided by w?
35
Let z be (-6 - 4)*(1 - 0)/(-2). Let a be 2/(2/z + 504/(-1085)). Let x = a + 40. Calculate the remainder when 18 is divided by x.
0
Let t = -1478 - -2872. What is the remainder when t is divided by 28?
22
Suppose -10 = 3*m + 5*i, 2*i = -4*m - 24 + 20. Suppose m = -4*d + d + 15, -3*d = -3*u + 903. What is the remainder when u is divided by 78?
72
Suppose 0 = 5*y + 59 - 69. Suppose 0 = y*n - 4*n - 5*u + 3, -3*u - 54 = -5*n. Calculate the remainder when 30 is divided by n.
3
What is the remainder when 90/24*1*3860/15 is divided by 309?
38
Suppose 145*r - 144*r = -5. Let a be ((-24)/r)/(30/100). Calculate the remainder when 395/4 - (-4)/a is divided by 26.
21
Let l = -22868 + 40115. What is the remainder when l is divided by 44?
43
Let r(p) = 18*p + 4*p**2 + 24 - 1 - 5*p**2 + 64. Calculate the remainder when 165 is divided by r(21).
21
Let u = 914 - 500. Let r(n) = -87*n - 636. What is the remainder when u is divided by r(-8)?
54
Suppose -92*k + 88*k = -60. What is the remainder when 21 is divided by (-20)/k*(-4 - (-85)/(-20))?
10
Let q(z) = -14*z**2 - 928*z - 3713. What is the remainder when 835*1*2/5 is divided by q(-62)?
5
Let y = -218 + 194. What is the remainder when 123 is divided by 13/(182/105)*y/(-10)?
15
Suppose 517*x - 515*x - 746 = 0. Calculate the remainder when x is divided by 17.
16
Let i = 3743 + -3669. Calculate the remainder when i is divided by 24.
2
Let j = 215 - 106. Suppose 8*r - j = 123. What is the remainder when 107 is divided by r?
20
What is the remainder when 12443 is divided by (-254)/22*(-37)/(111/33)?
124
Let c = 3010 + -2992. What is the remainder when 808 is divided by c?
16
Let v(u) = 2*u**2 - 12*u - 3*u**2 + 1786 + 0*u - 1803. Calculate the remainder when 106 is divided by v(-10).
1
Let m = 86 + -82. Let q(v) = -9 - 3 + 3*v + 23 + 27*v**2 - 9. What is the remainder when q(-1) is divided by m?
2
Let g = 557 - 541. Calculate the remainder when (-2)/(-2 + (4 - 3)) - -18 is divided by g.
4
Let t(o) = -o**3 - 10*o**2 - 36*o - 212. Calculate the remainder when 306 is divided by t(-9).
27
Suppose 7890 + 21894 = 438*a. What is the remainder when 171 is divided by a?
35
Let b(h) = -2*h**3 - 6*h**2 - 4*h - 9. Let u be b(-3). Suppose 5*a + 17*o = 16*o + 134, -142 = -5*a - u*o. What is the remainder when 125 is divided by a?
21
Suppose 2*u - m = 2079, 11*u + 1331 = -3*m + 12757. What is the remainder when u is divided by 292?
163
Suppose -4*a - 2*y = 102, -4*y + 239 - 79 = -5*a. Let v(l) = 6*l**2 + 168*l + 24. Calculate the remainder when v(a) is divided by 8.
0
Suppose -4*o - 462 = 5*m, 1 = -4*o - 11. Let c = m - -128. What is the remainder when c is divided by (3 - 95/10)*-2?
12
Let y(i) = 10*i**2 - 71*i + 7. Let l be y(7). Suppose l = 8*x - 375 - 49. What is the remainder when x is divided by 31?
22
Let a be -8*(0 + -40)/5. Let r = 68 - a. Suppose -9*b = r - 130. Calculate the remainder when b is divided by 3.
2
Let w be -45*(24/(-9) - -2). Suppose 41 = 5*x - 4. What is the remainder when (w/(-14))/((-6)/42) is divided by x?
6
Suppose 5*m - 3*p - 230 = 0, -2*m + 57 = p - 24. Let i = -1683 - -1716. What is the remainder when m is divided by i?
10
Let k be (-27)/6*(-24)/27. Suppose 12*p = -k*p + 1536. Calculate the remainder when 186 is divided by p.
90
Let u = 5234 - 5131. What is the remainder when u is divided by 31?
10
Let z(f) = -f**3 - 6*f**2 + 28*f + 224. What is the remainder when 13438 is divided by z(-8)?
126
Let z be 1242/184*(-16)/(-6). What is the remainder when 99 is divided by ((-15)/20)/(z/(-888))?
25
Suppose -24 = -i + 30*q - 28*q, 0 = -4*i + q + 68. Let u = 152 - 79. Suppose -3*s = -0*s - 15, s + u = t. What is the remainder when t is divided by i?
14
Suppose -93 - 357 = -45*r. What is the remainder when 38 is divided by r?
8
Suppose -5*v + 5*f - 310 = 2*f, -5*v - 4*f = 345. Let q = v - -402. What is the remainder when q is divided by 10?
7
Let m(j) = 3*j + 9. Suppose 30 = -3*b + 96. Let t = b + -22. What is the remainder when 87 is divided by m(t)?
6
Let m = 375 - 353. Let q(t) = -t + 11. Let z be q(12). Let r = z + m. Calculate the remainder when r is divided by 6.
3
Suppose -5*k - 2*q = -100, 5*k + 6*q - 85 = q. Let f(i) = -i**2 - 1 - 4 + 2*i + 18 + 2*i**2. Calculate the remainder when k is divided by f(0).
9
Suppose -30*z = -38*z - 800. Let a = -68 - z. What is the remainder when 477 is divided by a?
29
What is the remainder when 12/204 + (-15348)/(-51) is divided by 195?
106
What is the remainder when (-10)/(-1)*(12138/(-85))/(-21) is divided by (7/35)/(1/95)?
11
Let f(g) = 3*g**3 + 7*g**2 + 9*g - 15. Let s be f(-6). Let r = s - -595. What is the remainder when r is divided by 50?
30
Let l(t) = -61*t - 2 - 32*t + 25*t. Calculate the remainder when l(-1) is divided by 23.
20
Let a(r) = 2*r**2 - 80*r + 4. Calculate the remainder when 1051 is divided by a(40).
3
Suppose 4*u = -4*c + 40, 0 = 2*u - 3*u + c. Suppose -u*m - 24 = -79. Let x(j) = -j**3 + 11*j**2 + j - 10. Calculate the remainder when 1 is divided by x(m).
0
Let a(f) = -3*f**3 - 10*f**2 - 10*f - 6. Let r = 74 + -78. Let c be a(r). Let b = c - 48. What is the remainder when b is divided by 12?
6
Let h be 11/(33/(-6)) - 1. Calculate the remainder when ((-3717)/(-84))/(2/((-16)/h)) is divided by 11.
8
Let y(z) = -5*z**3 - 14*z**2 - 24*z - 26. Calculate the remainder when y(-4) is divided by 91.
75
Let k be 4/10 - 32/60*-33. Suppose 0 = k*d - 1770 + 96. Calculate the remainder when d is divided by 10.
3
Let a = 4535 + -4438. What is the remainder when 682 is divided by a?
3
What is the remainder when 542 is divided by 277 + -22 + -9 + 25?
0
Let f = 137 + 45. Suppose 9*c - 10*c + f = 0. What is the remainder when c is divided by 37?
34
Let d be ((-6)/3)/(-2) + -16. Let b = d + 46. Suppose -h - 5*g = -b, 0 = -0*h - 2*h + g + 84. What is the remainder when 80 is divided by h?
39
Suppose 4*v + 3200 = 4*z - 328, 0 = 3*v - 15. Suppose -2*h - o + 668 = h, 5*o = -4*h + z. Calculate the remainder when h is divided by 57.
52
Suppose 0 = 56*m - 58*m + 414. Let g = -205 + m. Calculate the remainder when 5 is divided by g.
1
Suppose 5*m + 14 - 244 = c, -3*c - 150 = -3*m. What is the remainder when 45 is divided by m?
0
Let r(d) = -d**3 + 26*d**2 - 42*d + 48. Let u be r(24). Suppose 33 + u = 9*i. Let p(v) = 8*v - 2. What is the remainder when p(6) is divided by i?
21
Let b(d) = 3*d**2 + 7*d + 4. Let a be b(-2). Let r(s) = 6*s**2 - 1 - 2*s**a + 17*s**2 + s**2. Calculate the remainder when r(-2) is divided by 18.
15
Let z = -240 - -239. What is the remainder when 94 is divided by -30*(z + (-12)/20)?
46
Suppose 3*g = 3*p, 3*g = 5*p - 5 - 5. Let z = 222 + 81. Let d = z + -300. Calculate the remainder when g is divided by d.
2
Suppose 5*g = p + 374, -60*g + 59*g = -p - 82. What is the remainder when 421 is divided by g?
56
Let u = 214 + -178. Suppose -5*l = -4*b + 2272, 15*b = 17*b - l - 1142. Calculate the remainder when b is divided by u.
33
Let k(s) = 3*s**2 + s - 46. Let y be k(6). Let v(f) = -11*f + y - 72 - 